{"id":2125,"date":"2022-02-24T14:18:16","date_gmt":"2022-02-24T14:18:16","guid":{"rendered":"https:\/\/italents.tv\/ita\/?page_id=2125"},"modified":"2022-02-26T15:47:54","modified_gmt":"2022-02-26T15:47:54","slug":"livemeeting","status":"publish","type":"page","link":"https:\/\/italents.tv\/ita\/prodotti\/livemeeting\/","title":{"rendered":"LiveMeeting"},"content":{"rendered":"[vc_row][vc_column]\n\t\t\t<!-- START Slider 1 1 REVOLUTION SLIDER 6.5.7 --><p class=\"rs-p-wp-fix\"><\/p>\n\t\t\t<rs-module-wrap id=\"rev_slider_11_1_wrapper\" data-source=\"gallery\" style=\"visibility:hidden;background:transparent;padding:0;margin:0px auto;margin-top:0;margin-bottom:0;background-image:url(https:\/\/italents.tv\/ita\/wp-content\/uploads\/2022\/01\/MEET-SLIVE.png);background-repeat:no-repeat;background-size:cover;background-position:center center;\">\n\t\t\t\t<rs-module id=\"rev_slider_11_1\" style=\"\" data-version=\"6.5.7\">\n\t\t\t\t\t<rs-slides>\n\t\t\t\t\t\t<rs-slide style=\"position: absolute;\" data-key=\"rs-28\" data-title=\"Slide\" data-in=\"o:0;\" data-out=\"a:false;\">\n\t\t\t\t\t\t\t<img decoding=\"async\" src=\"\/\/italents.tv\/ita\/wp-content\/plugins\/revslider\/public\/assets\/assets\/dummy.png\" alt=\"Slide\" title=\"LiveMeeting\" class=\"rev-slidebg tp-rs-img rs-lazyload\" data-lazyload=\"\/\/italents.tv\/ita\/wp-content\/plugins\/revslider\/public\/assets\/assets\/transparent.png\" data-no-retina>\n<!--\n\t\t\t\t\t\t\t--><rs-layer\n\t\t\t\t\t\t\t\tid=\"slider-11-slide-28-layer-1\" \n\t\t\t\t\t\t\t\tdata-type=\"text\"\n\t\t\t\t\t\t\t\tdata-color=\"#1c5aa9\"\n\t\t\t\t\t\t\t\tdata-rsp_ch=\"on\"\n\t\t\t\t\t\t\t\tdata-xy=\"x:19px;y:450px;\"\n\t\t\t\t\t\t\t\tdata-text=\"w:normal;s:31;l:38;fw:900;\"\n\t\t\t\t\t\t\t\tdata-dim=\"minh:0;\"\n\t\t\t\t\t\t\t\tdata-frame_999=\"o:0;st:w;\"\n\t\t\t\t\t\t\t\tstyle=\"z-index:11;font-family:'Roboto';text-transform:uppercase;\"\n\t\t\t\t\t\t\t>LE RIUNIONI COME NON L'AVETE MAI FATTE \n\t\t\t\t\t\t\t<\/rs-layer><!--\n\n\t\t\t\t\t\t\t--><a\n\t\t\t\t\t\t\t\tid=\"slider-11-slide-28-layer-2\" \n\t\t\t\t\t\t\t\tclass=\"rs-layer\"\n\t\t\t\t\t\t\t\thref=\"https:\/\/italents.tv\/meeting\/\" target=\"_blank\" rel=\"noopener\"\n\t\t\t\t\t\t\t\tdata-type=\"image\"\n\t\t\t\t\t\t\t\tdata-rsp_ch=\"on\"\n\t\t\t\t\t\t\t\tdata-xy=\"x:16px;y:29px;\"\n\t\t\t\t\t\t\t\tdata-text=\"w:normal;\"\n\t\t\t\t\t\t\t\tdata-dim=\"w:243.995px;h:179px;\"\n\t\t\t\t\t\t\t\tdata-frame_999=\"o:0;st:w;\"\n\t\t\t\t\t\t\t\tstyle=\"z-index:14;\"\n\t\t\t\t\t\t\t><img loading=\"lazy\" decoding=\"async\" src=\"\/\/italents.tv\/ita\/wp-content\/plugins\/revslider\/public\/assets\/assets\/dummy.png\" class=\"tp-rs-img rs-lazyload\" width=\"820\" height=\"601\" data-lazyload=\"\/\/italents.tv\/ita\/wp-content\/uploads\/2022\/01\/DEMO-ONLINE-1.png\" data-no-retina> \n\t\t\t\t\t\t\t<\/a><!--\n\n\t\t\t\t\t\t\t--><rs-layer\n\t\t\t\t\t\t\t\tid=\"slider-11-slide-28-layer-3\" \n\t\t\t\t\t\t\t\tdata-type=\"text\"\n\t\t\t\t\t\t\t\tdata-color=\"#000000\"\n\t\t\t\t\t\t\t\tdata-rsp_ch=\"on\"\n\t\t\t\t\t\t\t\tdata-xy=\"x:15px;y:214px;\"\n\t\t\t\t\t\t\t\tdata-text=\"w:nowrap;s:19;l:30;fw:500;\"\n\t\t\t\t\t\t\t\tdata-dim=\"w:579;minh:0;\"\n\t\t\t\t\t\t\t\tdata-frame_999=\"o:0;st:w;\"\n\t\t\t\t\t\t\t\tstyle=\"z-index:12;font-family:'Roboto';\"\n\t\t\t\t\t\t\t>Organizza e gestisce riunioni, lezioni e seminari che possono essere <br \/>\ntrasmessi online per il pubblico o per i tuoi studenti. Per coinvolgere, <br \/>\npromuovere e condividere eventi online. Garantisce la stessa efficacia<br \/>\ndell'aula fisica.  La diretta \u00e8 infatti personalizzabile con download di <br \/>\nmateriali, box dedicati alle domande, di gruppo o private. \n\t\t\t\t\t\t\t<\/rs-layer><!--\n\n\t\t\t\t\t\t\t--><a\n\t\t\t\t\t\t\t\tid=\"slider-11-slide-28-layer-5\" \n\t\t\t\t\t\t\t\tclass=\"rs-layer rev-btn\"\n\t\t\t\t\t\t\t\thref=\"https:\/\/italents.tv\/ita\/#free_trial\" target=\"_self\"\n\t\t\t\t\t\t\t\tdata-type=\"button\"\n\t\t\t\t\t\t\t\tdata-color=\"#ffffff\"\n\t\t\t\t\t\t\t\tdata-rsp_ch=\"on\"\n\t\t\t\t\t\t\t\tdata-xy=\"x:369px;y:401px;\"\n\t\t\t\t\t\t\t\tdata-text=\"w:normal;s:18;l:43;fw:500;\"\n\t\t\t\t\t\t\t\tdata-dim=\"minh:0;\"\n\t\t\t\t\t\t\t\tdata-padding=\"r:27;l:27;\"\n\t\t\t\t\t\t\t\tdata-border=\"bor:25px,25px,25px,25px;\"\n\t\t\t\t\t\t\t\tdata-frame_999=\"o:0;st:w;\"\n\t\t\t\t\t\t\t\tdata-frame_hover=\"bgc:#007aff;bor:25px,25px,25px,25px;bri:120%;\"\n\t\t\t\t\t\t\t\tstyle=\"z-index:13;background-color:#ff3a2d;font-family:'Roboto';\"\n\t\t\t\t\t\t\t>CHIEDI GRATIS LA TUA FREE TRIAL \n\t\t\t\t\t\t\t<\/a><!--\n\n\t\t\t\t\t\t\t--><rs-layer\n\t\t\t\t\t\t\t\tid=\"slider-11-slide-28-layer-6\" \n\t\t\t\t\t\t\t\tdata-type=\"image\"\n\t\t\t\t\t\t\t\tdata-rsp_ch=\"on\"\n\t\t\t\t\t\t\t\tdata-xy=\"x:16px;y:374px;\"\n\t\t\t\t\t\t\t\tdata-text=\"w:normal;\"\n\t\t\t\t\t\t\t\tdata-dim=\"w:340.997px;h:77px;\"\n\t\t\t\t\t\t\t\tdata-frame_999=\"o:0;st:w;\"\n\t\t\t\t\t\t\t\tstyle=\"z-index:15;\"\n\t\t\t\t\t\t\t><img loading=\"lazy\" decoding=\"async\" src=\"\/\/italents.tv\/ita\/wp-content\/plugins\/revslider\/public\/assets\/assets\/dummy.png\" class=\"tp-rs-img rs-lazyload\" width=\"510\" height=\"115\" data-lazyload=\"\/\/italents.tv\/ita\/wp-content\/uploads\/2022\/01\/Logo_LIVE_MEET-BLUE.png\" data-no-retina> \n\t\t\t\t\t\t\t<\/rs-layer><!--\n-->\t\t\t\t\t\t<\/rs-slide>\n\t\t\t\t\t\t<rs-slide style=\"position: absolute;\" data-key=\"rs-29\" data-title=\"Slide\" data-in=\"o:0;\" data-out=\"a:false;\">\n\t\t\t\t\t\t\t<img decoding=\"async\" src=\"\/\/italents.tv\/ita\/wp-content\/plugins\/revslider\/public\/assets\/assets\/dummy.png\" alt=\"Slide\" title=\"LiveMeeting\" class=\"rev-slidebg tp-rs-img rs-lazyload\" data-lazyload=\"\/\/italents.tv\/ita\/wp-content\/plugins\/revslider\/public\/assets\/assets\/transparent.png\" data-no-retina>\n<!--\n\t\t\t\t\t\t\t--><rs-layer\n\t\t\t\t\t\t\t\tid=\"slider-11-slide-29-layer-1\" \n\t\t\t\t\t\t\t\tdata-type=\"text\"\n\t\t\t\t\t\t\t\tdata-color=\"#1c5aa9\"\n\t\t\t\t\t\t\t\tdata-rsp_ch=\"on\"\n\t\t\t\t\t\t\t\tdata-xy=\"x:19px;y:446px;\"\n\t\t\t\t\t\t\t\tdata-text=\"w:normal;s:31;l:38;fw:900;\"\n\t\t\t\t\t\t\t\tdata-dim=\"minh:0;\"\n\t\t\t\t\t\t\t\tdata-frame_999=\"o:0;st:w;\"\n\t\t\t\t\t\t\t\tstyle=\"z-index:11;font-family:'Roboto';text-transform:uppercase;\"\n\t\t\t\t\t\t\t>LE RIUNIONI COME NON L'AVETE MAI FATTE \n\t\t\t\t\t\t\t<\/rs-layer><!--\n\n\t\t\t\t\t\t\t--><rs-layer\n\t\t\t\t\t\t\t\tid=\"slider-11-slide-29-layer-2\" \n\t\t\t\t\t\t\t\tdata-type=\"image\"\n\t\t\t\t\t\t\t\tdata-rsp_ch=\"on\"\n\t\t\t\t\t\t\t\tdata-xy=\"x:14px;y:29px;\"\n\t\t\t\t\t\t\t\tdata-text=\"w:normal;\"\n\t\t\t\t\t\t\t\tdata-dim=\"w:203px;h:149px;\"\n\t\t\t\t\t\t\t\tdata-frame_999=\"o:0;st:w;\"\n\t\t\t\t\t\t\t\tstyle=\"z-index:14;\"\n\t\t\t\t\t\t\t><img loading=\"lazy\" decoding=\"async\" src=\"\/\/italents.tv\/ita\/wp-content\/plugins\/revslider\/public\/assets\/assets\/dummy.png\" class=\"tp-rs-img rs-lazyload\" width=\"820\" height=\"601\" data-lazyload=\"\/\/italents.tv\/ita\/wp-content\/uploads\/2022\/01\/DEMO-ONLINE-1.png\" data-no-retina> \n\t\t\t\t\t\t\t<\/rs-layer><!--\n\n\t\t\t\t\t\t\t--><rs-layer\n\t\t\t\t\t\t\t\tid=\"slider-11-slide-29-layer-3\" \n\t\t\t\t\t\t\t\tdata-type=\"text\"\n\t\t\t\t\t\t\t\tdata-color=\"#000000\"\n\t\t\t\t\t\t\t\tdata-rsp_ch=\"on\"\n\t\t\t\t\t\t\t\tdata-xy=\"x:15px;y:193px;\"\n\t\t\t\t\t\t\t\tdata-text=\"w:nowrap;s:19;l:30;fw:500;\"\n\t\t\t\t\t\t\t\tdata-dim=\"w:579;minh:0;\"\n\t\t\t\t\t\t\t\tdata-frame_999=\"o:0;st:w;\"\n\t\t\t\t\t\t\t\tstyle=\"z-index:12;font-family:'Roboto';\"\n\t\t\t\t\t\t\t>Organizza e gestisce riunioni, lezioni e seminari che possono essere <br \/>\ntrasmessi online per il pubblico o per i tuoi studenti. Per coinvolgere, <br \/>\npromuovere e condividere eventi online. Garantisce la stessa efficacia<br \/>\ndell'aula fisica.  La diretta \u00e8 infatti personalizzabile con download di <br \/>\nmateriali, box dedicati alle domande, di gruppo o private. \n\t\t\t\t\t\t\t<\/rs-layer><!--\n\n\t\t\t\t\t\t\t--><rs-layer\n\t\t\t\t\t\t\t\tid=\"slider-11-slide-29-layer-5\" \n\t\t\t\t\t\t\t\tclass=\"rev-btn\"\n\t\t\t\t\t\t\t\tdata-type=\"button\"\n\t\t\t\t\t\t\t\tdata-color=\"#ffffff\"\n\t\t\t\t\t\t\t\tdata-rsp_ch=\"on\"\n\t\t\t\t\t\t\t\tdata-xy=\"x:369px;y:398px;\"\n\t\t\t\t\t\t\t\tdata-text=\"w:normal;s:18;l:43;fw:500;\"\n\t\t\t\t\t\t\t\tdata-dim=\"minh:0;\"\n\t\t\t\t\t\t\t\tdata-padding=\"r:27;l:27;\"\n\t\t\t\t\t\t\t\tdata-border=\"bor:25px,25px,25px,25px;\"\n\t\t\t\t\t\t\t\tdata-frame_999=\"o:0;st:w;\"\n\t\t\t\t\t\t\t\tdata-frame_hover=\"bgc:#007aff;bor:25px,25px,25px,25px;bri:120%;\"\n\t\t\t\t\t\t\t\tstyle=\"z-index:13;background-color:#ff3a2d;font-family:'Roboto';\"\n\t\t\t\t\t\t\t>CONFIGURA LA TUA AULA \n\t\t\t\t\t\t\t<\/rs-layer><!--\n\n\t\t\t\t\t\t\t--><rs-layer\n\t\t\t\t\t\t\t\tid=\"slider-11-slide-29-layer-6\" \n\t\t\t\t\t\t\t\tdata-type=\"image\"\n\t\t\t\t\t\t\t\tdata-rsp_ch=\"on\"\n\t\t\t\t\t\t\t\tdata-xy=\"x:16px;y:368px;\"\n\t\t\t\t\t\t\t\tdata-text=\"w:normal;\"\n\t\t\t\t\t\t\t\tdata-dim=\"w:340.997px;h:77px;\"\n\t\t\t\t\t\t\t\tdata-frame_999=\"o:0;st:w;\"\n\t\t\t\t\t\t\t\tstyle=\"z-index:15;\"\n\t\t\t\t\t\t\t><img loading=\"lazy\" decoding=\"async\" src=\"\/\/italents.tv\/ita\/wp-content\/plugins\/revslider\/public\/assets\/assets\/dummy.png\" class=\"tp-rs-img rs-lazyload\" width=\"510\" height=\"115\" data-lazyload=\"\/\/italents.tv\/ita\/wp-content\/uploads\/2022\/01\/Logo_LIVE_MEET-BLUE.png\" data-no-retina> \n\t\t\t\t\t\t\t<\/rs-layer><!--\n\n\t\t\t\t\t\t\t--><a\n\t\t\t\t\t\t\t\tid=\"slider-11-slide-29-layer-7\" \n\t\t\t\t\t\t\t\tclass=\"rs-layer\"\n\t\t\t\t\t\t\t\thref=\"https:\/\/italents.tv\/meeting\/\" target=\"_blank\" rel=\"noopener\"\n\t\t\t\t\t\t\t\tdata-type=\"image\"\n\t\t\t\t\t\t\t\tdata-rsp_ch=\"on\"\n\t\t\t\t\t\t\t\tdata-text=\"w:normal;\"\n\t\t\t\t\t\t\t\tdata-dim=\"w:1242.99px;h:506px;\"\n\t\t\t\t\t\t\t\tdata-frame_999=\"o:0;st:w;\"\n\t\t\t\t\t\t\t\tstyle=\"z-index:16;\"\n\t\t\t\t\t\t\t><img loading=\"lazy\" decoding=\"async\" src=\"\/\/italents.tv\/ita\/wp-content\/plugins\/revslider\/public\/assets\/assets\/dummy.png\" class=\"tp-rs-img rs-lazyload\" width=\"2224\" height=\"906\" data-lazyload=\"\/\/italents.tv\/ita\/wp-content\/uploads\/2022\/01\/Schermata-2022-02-24-alle-14.30.31.png\" data-no-retina> \n\t\t\t\t\t\t\t<\/a><!--\n-->\t\t\t\t\t\t<\/rs-slide>\n\t\t\t\t\t<\/rs-slides>\n\t\t\t\t<\/rs-module>\n\t\t\t\t<script type=\"text\/javascript\">\n\t\t\t\t\tsetREVStartSize({c: 'rev_slider_11_1',rl:[1240,1024,778,480],el:[500],gw:[1240],gh:[500],type:'standard',justify:'',layout:'fullwidth',mh:\"0\"});if (window.RS_MODULES!==undefined && window.RS_MODULES.modules!==undefined && window.RS_MODULES.modules[\"revslider111\"]!==undefined) {window.RS_MODULES.modules[\"revslider111\"].once = false;window.revapi11 = undefined;if (window.RS_MODULES.checkMinimal!==undefined) window.RS_MODULES.checkMinimal()}\n\t\t\t\t<\/script>\n\t\t\t<\/rs-module-wrap>\n\t\t\t<!-- END REVOLUTION SLIDER -->\n[vc_empty_space][vc_row_inner][vc_column_inner][vc_separator color=&#8221;blue&#8221; border_width=&#8221;10&#8243; css=&#8221;.vc_custom_1645723826297{background-color: #1e73be !important;}&#8221;][\/vc_column_inner][\/vc_row_inner][\/vc_column][\/vc_row][vc_row css=&#8221;.vc_custom_1645723332939{border-radius: 15px !important;}&#8221;][vc_column width=&#8221;1\/4&#8243;][vc_empty_space height=&#8221;18px&#8221;][vc_column_text]\n<p style=\"text-align: center;\"><a href=\"http:\/\/italents.tv\/ita\/broadcasting\"><img loading=\"lazy\" decoding=\"async\" class=\"alignnone wp-image-2069\" src=\"https:\/\/italents.tv\/ita\/wp-content\/uploads\/2022\/02\/Order-online-button-web-300x120.png\" alt=\"\" width=\"251\" height=\"100\" srcset=\"https:\/\/italents.tv\/ita\/wp-content\/uploads\/2022\/02\/Order-online-button-web-300x120.png 300w, https:\/\/italents.tv\/ita\/wp-content\/uploads\/2022\/02\/Order-online-button-web-1024x408.png 1024w, https:\/\/italents.tv\/ita\/wp-content\/uploads\/2022\/02\/Order-online-button-web-768x306.png 768w, https:\/\/italents.tv\/ita\/wp-content\/uploads\/2022\/02\/Order-online-button-web-600x239.png 600w, https:\/\/italents.tv\/ita\/wp-content\/uploads\/2022\/02\/Order-online-button-web.png 1134w\" sizes=\"auto, (max-width: 251px) 100vw, 251px\" \/><\/a><\/p>\n[\/vc_column_text][\/vc_column][vc_column width=&#8221;1\/4&#8243;][vc_empty_space height=&#8221;18px&#8221;][vc_column_text]\n<p style=\"text-align: center;\"><img loading=\"lazy\" decoding=\"async\" class=\"alignnone wp-image-2151\" src=\"https:\/\/italents.tv\/ita\/wp-content\/uploads\/2022\/02\/modulo-012-rosso-300x120.png\" alt=\"\" width=\"251\" height=\"100\" srcset=\"https:\/\/italents.tv\/ita\/wp-content\/uploads\/2022\/02\/modulo-012-rosso-300x120.png 300w, https:\/\/italents.tv\/ita\/wp-content\/uploads\/2022\/02\/modulo-012-rosso-1024x408.png 1024w, https:\/\/italents.tv\/ita\/wp-content\/uploads\/2022\/02\/modulo-012-rosso-768x306.png 768w, https:\/\/italents.tv\/ita\/wp-content\/uploads\/2022\/02\/modulo-012-rosso-600x239.png 600w, https:\/\/italents.tv\/ita\/wp-content\/uploads\/2022\/02\/modulo-012-rosso.png 1134w\" sizes=\"auto, (max-width: 251px) 100vw, 251px\" \/><\/p>\n[\/vc_column_text][\/vc_column][vc_column width=&#8221;1\/4&#8243;][vc_empty_space height=&#8221;18px&#8221;][vc_column_text]\n<p style=\"text-align: center;\"><a href=\"https:\/\/italents.tv\/ita\/prodotti\/eventmanager\/\"><img loading=\"lazy\" decoding=\"async\" class=\"alignnone wp-image-2071\" src=\"https:\/\/italents.tv\/ita\/wp-content\/uploads\/2022\/02\/modulo-013-300x120.png\" alt=\"\" width=\"251\" height=\"100\" srcset=\"https:\/\/italents.tv\/ita\/wp-content\/uploads\/2022\/02\/modulo-013-300x120.png 300w, https:\/\/italents.tv\/ita\/wp-content\/uploads\/2022\/02\/modulo-013-1024x408.png 1024w, https:\/\/italents.tv\/ita\/wp-content\/uploads\/2022\/02\/modulo-013-768x306.png 768w, https:\/\/italents.tv\/ita\/wp-content\/uploads\/2022\/02\/modulo-013-600x239.png 600w, https:\/\/italents.tv\/ita\/wp-content\/uploads\/2022\/02\/modulo-013.png 1134w\" sizes=\"auto, (max-width: 251px) 100vw, 251px\" \/><\/a><\/p>\n[\/vc_column_text][\/vc_column][vc_column width=&#8221;1\/4&#8243;][vc_empty_space height=&#8221;18px&#8221;][vc_column_text]\n<p style=\"text-align: center;\"><a href=\"http:\/\/italents.tv\/ita\/social\"><img loading=\"lazy\" decoding=\"async\" class=\"alignnone wp-image-2072\" src=\"https:\/\/italents.tv\/ita\/wp-content\/uploads\/2022\/02\/modulo-014-300x120.png\" alt=\"\" width=\"251\" height=\"100\" srcset=\"https:\/\/italents.tv\/ita\/wp-content\/uploads\/2022\/02\/modulo-014-300x120.png 300w, https:\/\/italents.tv\/ita\/wp-content\/uploads\/2022\/02\/modulo-014-1024x408.png 1024w, https:\/\/italents.tv\/ita\/wp-content\/uploads\/2022\/02\/modulo-014-768x306.png 768w, https:\/\/italents.tv\/ita\/wp-content\/uploads\/2022\/02\/modulo-014-600x239.png 600w, https:\/\/italents.tv\/ita\/wp-content\/uploads\/2022\/02\/modulo-014.png 1134w\" sizes=\"auto, (max-width: 251px) 100vw, 251px\" \/><\/a><\/p>\n[\/vc_column_text][\/vc_column][\/vc_row][vc_row][vc_column][vc_row_inner][vc_column_inner][vc_separator color=&#8221;blue&#8221; border_width=&#8221;10&#8243; css=&#8221;.vc_custom_1645723826297{background-color: #1e73be !important;}&#8221;][\/vc_column_inner][\/vc_row_inner][vc_empty_space height=&#8221;62px&#8221;][\/vc_column][\/vc_row][vc_row][vc_column width=&#8221;2\/3&#8243;][vc_row_inner][vc_column_inner][mnky_list_item icon_fontawesome=&#8221;fas fa-people-carry&#8221; size=&#8221;li_large&#8221; last_item=&#8221;last&#8221; icon_color=&#8221;#1e73be&#8221;]<strong><span style=\"color: #0b3b5b;\">PER LA SALA RIUNIONI<\/span><\/strong>[\/mnky_list_item][vc_column_text]\n<p class=\"HeadingWithDescriptionAlternative__heading\"><strong>Trasforma la tua forza lavoro. <\/strong><strong>Organizza con LiveMeeting<\/strong> il tuo evento aziendale condiviso, riducendo i costi di location e logistica. Durante la diretta, fai apparire <strong>call to action<\/strong> dedicate che aprono contenuti di approfondimento per stimolare l\u2019interazione, rendendo unica anche l\u2019esperienza da remoto. La soluzione di comunicazioni video basata su <strong>LiveMeeting<\/strong> \u00e8 facile da usufruire, da gestire e semplice da padroneggiare. Con LiveMeeting aziende ed istituzioni possono riunire i team globali e offrire un servizio con un alto livello di coinvolgimento tramite comunicazioni video di alta qualit\u00e0.<\/p>\n[\/vc_column_text][\/vc_column_inner][\/vc_row_inner][vc_empty_space][mnky_list_item icon_fontawesome=&#8221;fas fa-graduation-cap&#8221; size=&#8221;li_large&#8221; last_item=&#8221;last&#8221; icon_color=&#8221;#1e73be&#8221;]<strong><span style=\"color: #0b3b5b;\">PER LA FORMAZIONE <\/span><\/strong>[\/mnky_list_item][vc_column_text]<strong>Poich\u00e9 la tecnologia continua a trasformare<\/strong> tutti gli ambiti della vita, l\u2019insegnamento e l\u2019apprendimento online pone nuove sfide sia per gli educatori che per gli studenti. E mentre la tecnologia pu\u00f2 connetterci in modi inimmaginabili in precedenza, \u00e8 pi\u00f9 difficile che mai catturare e mantenere l\u2019attenzione degli studenti in una classe. In quest\u2019epoca di distrazioni, un generico sistema di web conferencing \u00e8 di gran lunga inferiore alle esigenze di insegnanti e studenti.[\/vc_column_text][vc_empty_space][mnky_list_item icon_fontawesome=&#8221;fas fa-share-alt&#8221; size=&#8221;li_large&#8221; last_item=&#8221;last&#8221; icon_color=&#8221;#1e73be&#8221;]<strong><span style=\"color: #0b3b5b;\">INTERATTIVITA&#8217; &amp; CONDIVISIONE <\/span><\/strong>[\/mnky_list_item][vc_column_text]<strong>CONDIVISIONE SCHERMO, VIDEO E DOCUMENTI.<\/strong> Il Presentatore pu\u00f2 condividere qualsiasi informazione pre registrata sul proprio Pc o sul web con estrema semplicit\u00e0. <strong>Documenti e slide di supporto<\/strong> alla riunione possono essere <strong>caricati come presentazione<\/strong> e possono essere resi scaricabili dai partecipanti. Possono essere trasmetti video on line e ovviamente pu\u00f2 essere condiviso lo schermo del Pc. <strong>Ogni utente pu\u00f2 essere nominato presentatore<\/strong> dal moderatore della riunione e pu\u00f2 a sua volta condividere video, documenti, immagini e schermo pc.[\/vc_column_text][vc_empty_space][mnky_list_item icon_fontawesome=&#8221;fas fa-chalkboard-teacher&#8221; size=&#8221;li_large&#8221; last_item=&#8221;last&#8221; icon_color=&#8221;#1e73be&#8221;]<strong><span style=\"color: #0b3b5b;\">LAVAGNA ELETTRONICA <\/span><\/strong>[\/mnky_list_item][vc_column_text]<strong>LiveMeeting<\/strong> \u00e8 dotata di una lavagna elettronica che consente di integrare note sui documenti, aggiungere evidenze, disegni, e figure geometriche, senza alterare il documento originale. Per le note o integrazioni permanenti si pu\u00f2 usare la chat (pubblica e privata) integrata su cui apportare tutte le integrazioni necessarie. Alla fine si pu\u00f2 salvare il contenuto della chat in qualsiasi formato localmente.[\/vc_column_text][vc_empty_space][mnky_list_item icon_fontawesome=&#8221;fas fa-users&#8221; size=&#8221;li_large&#8221; last_item=&#8221;last&#8221; icon_color=&#8221;#1e73be&#8221;]<strong><span style=\"color: #0b3b5b;\">GESTIONE UTENTI<\/span><\/strong>[\/mnky_list_item][vc_column_text]<strong>Stabilisci configurando la live room<\/strong> e all&#8217;interno del meeting stesso <strong>le modalit\u00e0 di accesso degli utenti.<\/strong> Proteggi l&#8217;accesso di moderatori ed utenti con password, <strong>accetta o respingi ogni utente<\/strong> che chiede di partecipare alla riunione. Sconnetti i microfoni ed abilitali a tuo piacimento. Interagisci con gli utenti attraverso chat privata o pubblica. <strong>Avvia sondaggi online durante la riunione<\/strong> e pubblica i risultati se lo ritieni opportuno. Con LiveMeeting \u00e8 tutto sempre sotto controllo.[\/vc_column_text][vc_empty_space height=&#8221;12px&#8221;][mnky_list_item icon_fontawesome=&#8221;fas fa-video-slash&#8221; size=&#8221;li_large&#8221; last_item=&#8221;last&#8221; icon_color=&#8221;#1e73be&#8221;]<strong><span style=\"color: #0b3b5b;\">REGISTRA RIUNIONI &amp; LEZIONI<\/span><\/strong>[\/mnky_list_item][vc_column_text]Con <strong>LiveMeeting<\/strong> puoi <strong>registrare la tua riunione o lezione<\/strong> semplicemente con un click. La registrazione pu\u00f2 essere poi resa disponibile agli utenti On Demand. Tieni cosi storia delle lezioni e consenti a chi non era presente di tenersi aggiornato. Per ragioni di <strong>correttezza e privacy<\/strong> puoi impostare la s<strong>egnalazione di riunione registrata<\/strong> ai tuoi utenti.[\/vc_column_text][vc_empty_space][vc_single_image image=&#8221;2147&#8243; img_size=&#8221;full&#8221; alignment=&#8221;center&#8221; style=&#8221;vc_box_border&#8221; border_color=&#8221;blue&#8221; css=&#8221;.vc_custom_1645807511298{background-image: url(https:\/\/italents.tv\/ita\/wp-content\/uploads\/2016\/09\/contact-page-cover.jpg?id=475) !important;}&#8221;][\/vc_column][vc_column width=&#8221;1\/3&#8243;][vc_single_image image=&#8221;2228&#8243; img_size=&#8221;full&#8221; alignment=&#8221;right&#8221; style=&#8221;vc_box_border&#8221; border_color=&#8221;blue&#8221;][vc_empty_space][vc_single_image image=&#8221;2066&#8243; img_size=&#8221;full&#8221; alignment=&#8221;right&#8221; style=&#8221;vc_box_border&#8221; border_color=&#8221;blue&#8221;][vc_empty_space][mnky_list_item icon_fontawesome=&#8221;fas fa-question&#8221; size=&#8221;li_large&#8221; icon_color=&#8221;#1e73be&#8221;]<strong><span style=\"color: #0b3b5b;\">A CHI SERVE<\/span><\/strong>[\/mnky_list_item][vc_column_text]<strong>LiveMeeting<\/strong> \u00e8 indispensabile per <strong>qualsiasi azienda o ente pubblico<\/strong> ed \u00e8 consigliabile per quei Clienti che desiderano alcune funzionalit\u00e0 avanzate come ad esempio, <strong>condivisione documenti, lavagna elettronica, sondaggi.<\/strong> \u00a0Le riunioni posso essere registrate ed usufruite anche on demand. Molto appropriata per <strong>l&#8217;insegnamento a distanza,<\/strong> quindi consigliata <strong>a scuole, docenti, alunni<\/strong> e a <strong>chiunque si occupi di formazione.<\/strong>[\/vc_column_text][vc_empty_space][mnky_list_item icon_fontawesome=&#8221;fas fa-list&#8221; size=&#8221;li_large&#8221; icon_color=&#8221;#1e73be&#8221;]<strong><span style=\"color: #0b3b5b;\">ELENCO FUNZIONI<\/span><\/strong>[\/mnky_list_item][vc_column_text]\n<ul>\n<li><strong>Riunioni online fino a 1.000.000 di utenti<\/strong><\/li>\n<li><strong>Registrazione riunioni<\/strong><\/li>\n<li><strong>Visone riunioni on demand<\/strong><\/li>\n<li><strong>Personalizzazione room meeting<\/strong><\/li>\n<li><strong>Condivisione documenti e immagini<\/strong><\/li>\n<li><strong>Condivisioni filmati o video<\/strong><\/li>\n<li><strong>Lavagna Elettronica<\/strong><\/li>\n<li><strong>Condivisione schermo Pc<\/strong><\/li>\n<li><strong>gestione degli utenti partecipanti<\/strong><\/li>\n<li><strong>Sondaggi on line\u00a0<\/strong><\/li>\n<li><strong>Chat pubblica &amp; privata<\/strong><\/li>\n<li><strong>Invito utenti\u00a0<\/strong><\/li>\n<li><strong>Tipi di Utente moderatore, <\/strong><strong>presentatore, <\/strong><strong>Partecipante, <\/strong><strong>uditore<\/strong><\/li>\n<\/ul>\n[\/vc_column_text][vc_empty_space][mnky_list_item icon_fontawesome=&#8221;fas fa-headset&#8221; size=&#8221;li_large&#8221; icon_color=&#8221;#1e73be&#8221;]<strong><span style=\"color: #0b3b5b;\">SERVIZI INCLUSI<\/span><\/strong>[\/mnky_list_item][vc_column_text]\n<div class=\"h-global-transition-all h-heading style-350 style-local-3703-c69 position-relative h-element\" data-colibri-id=\"3703-c69\">\n<div class=\"h-heading__outer style-350 style-local-3703-c69\">\n<ul>\n<li><strong>Startup Installazione.<\/strong> Approntamento e messa a disposizione del canale Tv come definito. Inserimento dei vs. marchi loghi ed eventuali sponsor.<\/li>\n<li><strong>Supporto Formazione.<\/strong> Formazione ed assistenza per tutte le esigenze tecniche. Il vs canale tv sar\u00e0 sempre seguito e supportato.<\/li>\n<li><strong>Gestione completa.<\/strong> Facciamo tutto noi. Voi dovete solo continuare a produrre i vs. contenuti ed eventi con la vostra redazione. Il vostro unico compito \u00e8 catalogare i nuovi prodotti multimediali e realizzare i vostri eventi.<\/li>\n<li><strong>Integrazione.\u00a0<\/strong>LiveMeeting pu\u00f2 essere usata stand alone o integrata nella nostra event manager o sulla vostra gestione eventi pre esistente. Forniamo\u00a0 tutti i servizi di integrazione necessari.<\/li>\n<\/ul>\n<div class=\"h-global-transition-all h-heading style-350 style-local-3703-c76 position-relative h-element\" data-colibri-id=\"3703-c76\"><\/div>\n<\/div>\n<\/div>\n[\/vc_column_text][vc_single_image image=&#8221;2113&#8243; img_size=&#8221;full&#8221; onclick=&#8221;custom_link&#8221; img_link_target=&#8221;_blank&#8221; link=&#8221;https:\/\/italents.tv\/meeting\/&#8221;][vc_empty_space][vc_btn title=&#8221;CONFIGURA LA TUA ROOM MEETING&#8221; style=&#8221;3d&#8221; color=&#8221;danger&#8221; size=&#8221;lg&#8221; align=&#8221;center&#8221;][\/vc_column][\/vc_row][vc_row][vc_column][vc_empty_space][\/vc_column][\/vc_row]\n","protected":false},"excerpt":{"rendered":"<p>[vc_row][vc_column][vc_empty_space][vc_row_inner][vc_column_inner][vc_separator color=&#8221;blue&#8221; border_width=&#8221;10&#8243; css=&#8221;.vc_custom_1645723826297{background-color: #1e73be !important;}&#8221;][\/vc_column_inner][\/vc_row_inner][\/vc_column][\/vc_row][vc_row css=&#8221;.vc_custom_1645723332939{border-radius: 15px !important;}&#8221;][vc_column width=&#8221;1\/4&#8243;][vc_empty_space height=&#8221;18px&#8221;][vc_column_text] [\/vc_column_text][\/vc_column][vc_column width=&#8221;1\/4&#8243;][vc_empty_space height=&#8221;18px&#8221;][vc_column_text] [\/vc_column_text][\/vc_column][vc_column width=&#8221;1\/4&#8243;][vc_empty_space height=&#8221;18px&#8221;][vc_column_text] [\/vc_column_text][\/vc_column][vc_column width=&#8221;1\/4&#8243;][vc_empty_space height=&#8221;18px&#8221;][vc_column_text] &hellip; <\/p>\n","protected":false},"author":1,"featured_media":0,"parent":1503,"menu_order":0,"comment_status":"closed","ping_status":"closed","template":"","meta":{"footnotes":""},"class_list":["post-2125","page","type-page","status-publish","hentry"],"_links":{"self":[{"href":"https:\/\/italents.tv\/ita\/wp-json\/wp\/v2\/pages\/2125","targetHints":{"allow":["GET"]}}],"collection":[{"href":"https:\/\/italents.tv\/ita\/wp-json\/wp\/v2\/pages"}],"about":[{"href":"https:\/\/italents.tv\/ita\/wp-json\/wp\/v2\/types\/page"}],"author":[{"embeddable":true,"href":"https:\/\/italents.tv\/ita\/wp-json\/wp\/v2\/users\/1"}],"replies":[{"embeddable":true,"href":"https:\/\/italents.tv\/ita\/wp-json\/wp\/v2\/comments?post=2125"}],"version-history":[{"count":30,"href":"https:\/\/italents.tv\/ita\/wp-json\/wp\/v2\/pages\/2125\/revisions"}],"predecessor-version":[{"id":2229,"href":"https:\/\/italents.tv\/ita\/wp-json\/wp\/v2\/pages\/2125\/revisions\/2229"}],"up":[{"embeddable":true,"href":"https:\/\/italents.tv\/ita\/wp-json\/wp\/v2\/pages\/1503"}],"wp:attachment":[{"href":"https:\/\/italents.tv\/ita\/wp-json\/wp\/v2\/media?parent=2125"}],"curies":[{"name":"wp","href":"https:\/\/api.w.org\/{rel}","templated":true}]}}