{"id":1286,"date":"2021-03-30T14:00:19","date_gmt":"2021-03-30T14:00:19","guid":{"rendered":"https:\/\/italents.tv\/health\/?page_id=1286"},"modified":"2021-11-18T21:35:32","modified_gmt":"2021-11-18T19:35:32","slug":"istruttori","status":"publish","type":"page","link":"https:\/\/italents.tv\/ultimate\/istruttori\/","title":{"rendered":"ORGANIZZATORI"},"content":{"rendered":"<div class=\"su-box su-box-style-glass\" id=\"\" style=\"border-color:#000000;border-radius:6px;max-width:none\"><div class=\"su-box-title\" style=\"background-color:#333333;color:#FFFFFF;border-top-left-radius:4px;border-top-right-radius:4px\">ORGANIZZATORI E FORMATORI <\/div><div class=\"su-box-content su-u-clearfix su-u-trim\" style=\"border-bottom-left-radius:4px;border-bottom-right-radius:4px\">Associazioni, imprese, liberi professionisti, operatori professionali che organizzano attivit\u00e0 ed eventi. Dalla formazione al concerto, dalla mostra aI convegni aziendali, Il canale Italents.tv pu\u00f2 dare grande impulso alla vostra attivit\u00e0.<\/p>\n<div id='fwduvpDiv0' class='fwduvp fwd-hide'><\/div><script type='text\/javascript'> document.addEventListener('DOMContentLoaded', loadPlayer, false);function loadPlayer(){FWDUVPUtils.checkIfHasTransofrms();FWDUVPlayer.videoStartBehaviour = 'default';new FWDUVPlayer({instanceName:'fwduvpPlayer0',parentId:'fwduvpDiv0',playlistsId:\"fwduvpMainPlaylistHOME SPOT VIDEO\",goFullScreenOnButtonPlay:'no',fillEntireposterScreen:'yes',fillEntireVideoScreen:'yes',useHEXColorsForSkin:'no',normalHEXButtonsColor:'#ff0000',privateVideoPassword:'428c841430ea18a70f7b06525d4b748a',showContextmenu:'no',showScriptDeveloper:'no',contextMenuBackgroundColor:'#1f1f1f',contextMenuBorderColor:'#1f1f1f',contextMenuSpacerColor:'#333333',contextMenuItemNormalColor:'#888888',contextMenuItemSelectedColor:'#ffffff',contextMenuItemDisabledColor:'#444444',stickyOnScroll:'no',stickyOnScrollShowOpener:'no',youtubeAPIKey:'AIzaSyD6LNmbZVbixO1s4ZzQV8odsDZsO2NUsl4',stickyOnScrollWidth:1000,stickyOnScrollHeight:600,googleAnalyticsTrackingCode:'',randomizePlaylist:'no',showRewindButton:'no',showDefaultControllerForVimeo:'yes',preloaderBackgroundColor:'#ffffff',preloaderFillColor:'#666666',isLoggedIn:'',playIfLoggedIn:'no',lightBoxBackgroundColor:'#000000',closeLightBoxWhenPlayComplete:'no',lightBoxBackgroundOpacity:.6,playIfLoggedInMessage:\"Please loggin to view this video.\",executeCuepointsOnlyOnce:'no',showOpener:'yes',verticalPosition:'bottom',useResumeOnPlay:'no',useFingerPrintStamp:'no',frequencyOfFingerPrintStamp:20000,durationOfFingerPrintStamp:50,playsinline:'yes',horizontalPosition:'center',showPlayerByDefault:'yes',animatePlayer:'yes',showOpenerPlayPauseButton:'yes',openerAlignment:'right',mainBackgroundImagePath:'https:\/\/italents.tv\/torgiano\/wp-content\/plugins\/fwduvp\/content\/minimal_skin_dark\/main-background.png',openerEqulizerOffsetTop:-1,openerEqulizerOffsetLeft:3,offsetX:0,offsetY:0,showScrubberWhenControllerIsHidden:'yes',useVectorIcons:'yes',mainFolderPath:'https:\/\/italents.tv\/ultimate\/wp-content\/plugins\/fwduvp\/content',skinPath:'metal_skin_dark',displayType:'responsive',showSubtitleButton:'no',useYoutube:'no',initializeOnlyWhenVisible:'no',showPreloader:'yes',useDeepLinking:'yes',addKeyboardSupport:'yes',autoScale:'yes',showButtonsToolTip:'yes',stopVideoWhenPlayComplete:'no',autoPlayText:'Click To Unmute',autoPlay:'yes',loop:'yes',shuffle:'no',maxWidth:980,maxHeight:552,buttonsToolTipHideDelay:1.5,showPopupAdsCloseButton:'yes',volume:1,rewindTime:10,backgroundColor:'#000000',showErrorInfo:'no',aopwTitle:'Advertisement',aopwWidth:400,aopwHeight:240,aopwBorderSize:6,aopwTitleColor:'#000000',playAfterVideoStop:'yes',stopAfterLastVideoHasPlayed:'no',disableVideoScrubber:'no',videoBackgroundColor:'#000000',posterBackgroundColor:'#000000',buttonsToolTipFontColor:'#5a5a5a',showControllerWhenVideoIsStopped:'yes', showController:'yes', audioVisualizerLinesColor:'#cccccc', audioVisualizerCircleColor:'#ffffff',showNextAndPrevButtonsInController:'no',defaultPlaybackRate:1,showPlaybackRateButton:'no',showVolumeButton:'yes',showTime:'yes',showYoutubeQualityButton:'yes',showInfoButton:'yes',showDownloadButton:'no',showShareButton:'no',showChromecastButton:'yes',showEmbedButton:'no',showFullScreenButton:'yes',repeatBackground:'yes',controllerHeight:42,controllerHideDelay:3,startSpaceBetweenButtons:7,spaceBetweenButtons:8,scrubbersOffsetWidth:2,mainScrubberOffestTop:14,timeOffsetLeftWidth:5,timeOffsetRightWidth:3,timeOffsetTop:0,volumeScrubberHeight:100,volumeScrubberOfsetHeight:12,timeColor:'#888888',youtubeQualityButtonNormalColor:'#888888',youtubeQualityButtonSelectedColor:'#ffffff',showPlaylistsButtonAndPlaylists:'no',usePlaylistsSelectBox:'no',showPlaylistsByDefault:'no',thumbnailSelectedType:'opacity',startAtPlaylist:0,buttonsMargins:15,thumbnailMaxWidth:350, thumbnailMaxHeight:350,thumbnailsPreviewWidth:196,thumbnailsPreviewHeight:110,thumbnailsPreviewBackgroundColor:'#000000',thumbnailsPreviewBorderColor:'#666666',thumbnailsPreviewLabelBackgroundColor:'#666666',thumbnailsPreviewLabelFontColor:'#ffffff',horizontalSpaceBetweenThumbnails:40,mainSelectorBackgroundSelectedColor:'#ffffff',mainSelectorTextNormalColor:'#ffffff',mainSelectorTextSelectedColor:'#000000',mainButtonBackgroundNormalColor:'#212021',mainButtonBackgroundSelectedColor:'#ffffff',mainButtonTextNormalColor:'#ffffff',mainButtonTextSelectedColor:'#000000',verticalSpaceBetweenThumbnails:40,showPlaylistButtonAndPlaylist:'no',showPlaylistsSearchInput:'no',playlistPosition:'bottom',showPlaylistByDefault:'no',addScrollOnMouseMove:'no',showPlaylistOnFullScreen:'no',showOnlyThumbnail:'no',showThumbnail:'no',showPlaylistName:'no',showSearchInput:'no',showLoopButton:'yes',showShuffleButton:'no',showNextAndPrevButtons:'no',forceDisableDownloadButtonForFolder:'yes',addMouseWheelSupport:'yes',startAtRandomVideo:'no',playlistRightWidth:0,playlistBottomHeight:0,startAtVideo:0,maxPlaylistItems:50,thumbnailWidth:71,thumbnailHeight:71,spaceBetweenControllerAndPlaylist:1,spaceBetweenThumbnails:1,scrollbarOffestWidth:8,scollbarSpeedSensitivity:0.5,playlistBackgroundColor:'#000000',playlistNameColor:'#ffffff',thumbnailNormalBackgroundColor:'#1b1b1b',thumbnailHoverBackgroundColor:'#313131',thumbnailDisabledBackgroundColor:'#272727',searchInputBackgroundColor:'#000000',searchInputColor:'#999999',youtubeAndFolderVideoTitleColor:'#ffffff',youtubeOwnerColor:'#888888',youtubeDescriptionColor:'#888888',showLogo:'yes',hideLogoWithController:'yes',logoPosition:'topRight',logoPath:'https:\/\/italents.tv\/torgiano\/wp-content\/uploads\/2021\/05\/itv-96-copia-copia.png',logoLink:'http:\/\/italents.tv',logoMargins:20,subtitlesOffLabel:'Subtitle off',embedAndInfoWindowCloseButtonMargins:15,borderColor:'transparent',mainLabelsColor:'#ffffff',secondaryLabelsColor:'#a1a1a1',shareAndEmbedTextColor:'#5a5a5a',inputBackgroundColor:'#000000',inputColor:'#f00606',openNewPageAtTheEndOfTheAds:'no',playAdsOnlyOnce:'no',adsButtonsPosition:'left',skipToVideoText:'You can skip to video in:',skipToVideoButtonText:'Skip Ad',adsTextNormalColor:'#888888',adsTextSelectedColor:'#ffffff',adsBorderNormalColor:'#666666',adsBorderSelectedColor:'#ffffff',showMainScrubberToolTipLabel:'yes',scrubbersToolTipLabelFontColor:'#000000',scrubbersToolTipLabelBackgroundColor:'#ffffff',useAToB:'no',atbTimeBackgroundColor:'transparent',atbTimeTextColorNormal:'#888888',atbTimeTextColorSelected:'#ffffff',atbButtonTextNormalColor:'#888888',atbButtonTextSelectedColor:'#ffffff',atbButtonBackgroundNormalColor:'#ffffff',atbButtonBackgroundSelectedColor:'#000000'});};<\/script><ul id=\"fwduvpMainPlaylistHOME SPOT VIDEO\" style=\"display:none;\"><li data-source=\"fwduvpPlaylist0\" data-playlist-name=\"HOME\" data-thumbnail-path=\"\"><\/li><\/ul><ul id=\"fwduvpPlaylist0\" style=\"display:none;\"><li data-video-source=\"[{source:'https:\/\/italents.tv\/SOCIAL-TV\/wp-content\/uploads\/2021\/05\/finit002.mp4', label:&quot;spothome&quot;}]\" data-start-at-video=\"0\" data-is-private=\"no\" data-thumb-source=\"https:\/\/italents.tv\/channel\/wp-content\/uploads\/2020\/11\/Schermata-2020-11-10-alle-17.56.43.png\" data-poster-source=\"https:\/\/italents.tv\/channel\/wp-content\/uploads\/2020\/11\/Schermata-2020-11-10-alle-17.56.43.png\" data-downloadable=\"yes\" data-use-a-to-b=\"no\" data-redirect-url=\"\" data-redirect-target=\"_blank\"><div data-video-short-description=\"\"><\/div><\/li><\/ul>\n<\/div><\/div>\n<div class=\"su-box su-box-style-glass\" id=\"\" style=\"border-color:#000000;border-radius:6px;max-width:none\"><div class=\"su-box-title\" style=\"background-color:#333333;color:#FFFFFF;border-top-left-radius:4px;border-top-right-radius:4px\"><\/div><div class=\"su-box-content su-u-clearfix su-u-trim\" style=\"border-bottom-left-radius:4px;border-bottom-right-radius:4px\"><div class=\"bdpp-post-grid-wrap bdpp-post-data-wrap bdpp-design-4 bdpp-grid-3  bdpp-clearfix\" id=\"bdpp-post-grid-1\">\r\n\t<div class=\"bdpp-post-grid-inr-wrap bdpp-post-data-inr-wrap bdpp-clearfix\"><div class=\"bdpp-post-grid bdpp-col-3 bdpp-columns bdpp-post-1256 bdpp-post-standard bdpp-first bdpp-has-thumb\">\r\n\t<div class=\"bdpp-post-grid-content\">\r\n\t\t\t\t<div class=\"bdpp-post-img-bg\">\r\n\t\t\t<a href=\"https:\/\/italents.tv\/ultimate\/event-organizer\/digital-coach\/\" target=\"_self\">\r\n\t\t\t\t<img src=\"https:\/\/italents.tv\/ultimate\/wp-content\/uploads\/2021\/03\/phoenix-holding-copia-copia-1-640x424.png\" alt=\"PHOENIX HOLDING\" \/>\r\n\t\t\t\t\t\t\t<\/a>\r\n\t\t<\/div>\r\n\t\t\r\n\t\t<div class=\"bdpp-post-content-block bdpp-clearfix\">\r\n\t\t\t\t\t\t<div class=\"bdpp-post-meta bdpp-post-meta-up\">\r\n\t\t\t\t\t\t\t<\/div>\r\n\t\t\t\r\n\t\t\t<h2 class=\"bdpp-post-title\">\r\n\t\t\t\t<a href=\"https:\/\/italents.tv\/ultimate\/event-organizer\/digital-coach\/\" target=\"_self\">PHOENIX HOLDING<\/a>\r\n\t\t\t<\/h2>\r\n\r\n\t\t\t\t\t\t<div class=\"bdpp-post-content\">\r\n\t\t\t\t<div class=\"bdpp-post-desc\">Phoenix Holding\u00a0\u00e8 una societ\u00e0 specializzata in consulenza aziendale, social media, tecnologia delle notizie, motori di prenotazione, engineering e web design....<\/div>\r\n\t\t\t\t\t\t\t<\/div>\r\n\t\t\t\t\t<\/div>\r\n\t<\/div>\r\n<\/div><div class=\"bdpp-post-grid bdpp-col-3 bdpp-columns bdpp-post-922 bdpp-post-standard bdpp-has-thumb\">\r\n\t<div class=\"bdpp-post-grid-content\">\r\n\t\t\t\t<div class=\"bdpp-post-img-bg\">\r\n\t\t\t<a href=\"https:\/\/italents.tv\/ultimate\/event-organizer\/lucas-papa\/\" target=\"_self\">\r\n\t\t\t\t<img src=\"https:\/\/italents.tv\/ultimate\/wp-content\/uploads\/2021\/03\/CORSO-DIGITAL-MARKETING-GRATUITO-in-24-Minuti_thumb1-640x480.jpg\" alt=\"LUCAS PAPA\" \/>\r\n\t\t\t\t\t\t\t<\/a>\r\n\t\t<\/div>\r\n\t\t\r\n\t\t<div class=\"bdpp-post-content-block bdpp-clearfix\">\r\n\t\t\t\t\t\t<div class=\"bdpp-post-meta bdpp-post-meta-up\">\r\n\t\t\t\t\t\t\t<\/div>\r\n\t\t\t\r\n\t\t\t<h2 class=\"bdpp-post-title\">\r\n\t\t\t\t<a href=\"https:\/\/italents.tv\/ultimate\/event-organizer\/lucas-papa\/\" target=\"_self\">LUCAS PAPA<\/a>\r\n\t\t\t<\/h2>\r\n\r\n\t\t\t\t\t\t<div class=\"bdpp-post-content\">\r\n\t\t\t\t<div class=\"bdpp-post-desc\">Sono un Digital Business Coach e guido professionisti nel mondo Digital per aiutarli a trovare la strada per realizzarsi. Ho...<\/div>\r\n\t\t\t\t\t\t\t<\/div>\r\n\t\t\t\t\t<\/div>\r\n\t<\/div>\r\n<\/div><div class=\"bdpp-post-grid bdpp-col-3 bdpp-columns bdpp-post-1229 bdpp-post-standard bdpp-has-thumb\">\r\n\t<div class=\"bdpp-post-grid-content\">\r\n\t\t\t\t<div class=\"bdpp-post-img-bg\">\r\n\t\t\t<a href=\"https:\/\/italents.tv\/ultimate\/event-organizer\/ilaria-mazzoni\/\" target=\"_self\">\r\n\t\t\t\t<img src=\"https:\/\/italents.tv\/ultimate\/wp-content\/uploads\/2021\/04\/maxresdefault-1-640x480.jpg\" alt=\"Alexander di LEVENT SCHOOL\" \/>\r\n\t\t\t\t\t\t\t<\/a>\r\n\t\t<\/div>\r\n\t\t\r\n\t\t<div class=\"bdpp-post-content-block bdpp-clearfix\">\r\n\t\t\t\t\t\t<div class=\"bdpp-post-meta bdpp-post-meta-up\">\r\n\t\t\t\t\t\t\t<\/div>\r\n\t\t\t\r\n\t\t\t<h2 class=\"bdpp-post-title\">\r\n\t\t\t\t<a href=\"https:\/\/italents.tv\/ultimate\/event-organizer\/ilaria-mazzoni\/\" target=\"_self\">Alexander di LEVENT SCHOOL<\/a>\r\n\t\t\t<\/h2>\r\n\r\n\t\t\t\t\t\t<div class=\"bdpp-post-content\">\r\n\t\t\t\t<div class=\"bdpp-post-desc\">Su questo Canale: Corsi di Inglese Pratico di Qualit\u00e0 con spiegazioni in Italiano, Video Corsi di Inglese Pratico,, VideoCorsi di...<\/div>\r\n\t\t\t\t\t\t\t<\/div>\r\n\t\t\t\t\t<\/div>\r\n\t<\/div>\r\n<\/div>\t<\/div>\r\n\t<\/div><\/div><\/div>\n<p>&nbsp;<\/p>\n","protected":false},"excerpt":{"rendered":"<p>&nbsp;<\/p>\n","protected":false},"author":4,"featured_media":0,"parent":0,"menu_order":0,"comment_status":"closed","ping_status":"closed","template":"","meta":{"pmpro_default_level":"","cybocfi_hide_featured_image":""},"aioseo_notices":[],"_links":{"self":[{"href":"https:\/\/italents.tv\/ultimate\/wp-json\/wp\/v2\/pages\/1286"}],"collection":[{"href":"https:\/\/italents.tv\/ultimate\/wp-json\/wp\/v2\/pages"}],"about":[{"href":"https:\/\/italents.tv\/ultimate\/wp-json\/wp\/v2\/types\/page"}],"author":[{"embeddable":true,"href":"https:\/\/italents.tv\/ultimate\/wp-json\/wp\/v2\/users\/4"}],"replies":[{"embeddable":true,"href":"https:\/\/italents.tv\/ultimate\/wp-json\/wp\/v2\/comments?post=1286"}],"version-history":[{"count":17,"href":"https:\/\/italents.tv\/ultimate\/wp-json\/wp\/v2\/pages\/1286\/revisions"}],"predecessor-version":[{"id":2600,"href":"https:\/\/italents.tv\/ultimate\/wp-json\/wp\/v2\/pages\/1286\/revisions\/2600"}],"wp:attachment":[{"href":"https:\/\/italents.tv\/ultimate\/wp-json\/wp\/v2\/media?parent=1286"}],"curies":[{"name":"wp","href":"https:\/\/api.w.org\/{rel}","templated":true}]}}